emainder when 933 is divided by a(-1).
45
Let v(t) = 32538*t + 163212. Let g(c) = 36*c**3 - 2*c**2 + c. Calculate the remainder when v(-5) is divided by g(1).
32
Let d(t) = 12*t + 39. Let w be d(-2). Suppose -3*i + 5 = -8*i + 5*s, 3*s - w = -i. What is the remainder when 82 is divided by i?
1
Let w be 6/21 - 12/(-7). Let p be (559/(-39) + 13)/((-1)/(-63)). What is the remainder when 2*w*(-147)/p is divided by 2?
1
Let u be (-4)/(-26) + 144/78. Suppose 23*f - 315 = u*f. What is the remainder when f is divided by 12?
3
Suppose 850*f + 1131 = 879*f. What is the remainder when f is divided by 34?
5
Suppose 133*g = 134*g - 4*j - 14, 4*g - 82 = 3*j. Let m be -1*(-115 + (0 - 2)). Let u = 224 - m. Calculate the remainder when u is divided by g.
19
Let s = 83 - 66. Suppose -32 + s = -r. Suppose 0 = 2*x - 4*l - 6 - 0, 30 = 5*x - 5*l. What is the remainder when r is divided by x?
6
Suppose -11*t - 173567 = -353*t + 268297. Calculate the remainder when t is divided by 12.
8
Suppose 5*a - 3*z - 382 = 0, -4*z = 2*a - 170 + 38. Let b = -46746 - -46980. What is the remainder when b is divided by a?
12
Let x(f) = f**3 - 8*f**2 - 26*f + 1. Suppose -66 = -13*i + 7*i. Let k(g) = 19*g**2 + 2*g - 1. What is the remainder when x(i) is divided by k(1)?
18
Let w = 6 + 27. Let m(i) = 4*i - 6. Let y be m(4). Calculate the remainder when w is divided by (y/(-1) + 3)*-1.
5
Suppose -3*f + 607 - 190 = 4*g, 3*g - 324 = -f. Calculate the remainder when 2105 is divided by g.
107
Let l(c) = 17*c + 1. Calculate the remainder when l(5) is divided by 1*26 + -1*(-7)/((-91)/39).
17
Let l = 814 - 566. What is the remainder when l is divided by 16?
8
Suppose -203 + 27 = -8*a. Let r = -20 + a. Suppose -r*f + 704 = 6*f. Calculate the remainder when f is divided by 30.
28
Let o = -44 + 86. Let c(n) = n**2 - 42*n + 494. Calculate the remainder when c(19) is divided by o.
15
Let h(j) = 5*j**3 + 16*j**2 + 13*j + 43. Let c be h(10). Suppose 0 = -5*d + c - 333. Calculate the remainder when d is divided by 86.
84
Suppose -g - 2*z - 7 = -57, 4*g - 5*z - 161 = 0. Let q(k) = -k**2 + 10*k + 87. Calculate the remainder when g is divided by q(15).
8
Suppose 0 = -4*c + 2*d + 1070, 10*d + 260 = c + 12*d. Suppose -3*t - 151 = -2*g + c, -4*g = 3*t - 861. What is the remainder when g is divided by 36?
33
Let l(p) = p + 69. Suppose y + j + 3 = -6, 0 = 2*y + 3*j + 16. Calculate the remainder when l(y) is divided by 13.
6
Suppose -58 - 212 = -10*y. Let v(d) = 16*d - 1. Let a be v(1). Suppose -3*z + a + 3 = 0. What is the remainder when y is divided by z?
3
Suppose 7*q + 128106 = 39*q + 34*q. What is the remainder when q is divided by 50?
41
Let s(h) = h - 28. Let g be s(25). Suppose -n + 2*n = 1. What is the remainder when (-44)/(-16) - g/12 is divided by n?
0
Let l(d) be the third derivative of -2/3*d**3 + 0*d + 0 - 32*d**2 - 1/24*d**4. What is the remainder when 12 is divided by l(-7)?
0
Let l = -19836 + 19911. Calculate the remainder when 1035 is divided by l.
60
Calculate the remainder when 1595 is divided by (-11)/187 - (-256500)/646.
7
Suppose 649 - 2079 = -8*f - 57*f. Calculate the remainder when 923 is divided by f.
21
Let l = 7951 - 7917. What is the remainder when 1525 is divided by l?
29
Let w(t) be the first derivative of t**2/2 + 20*t - 40. What is the remainder when 34 is divided by w(-11)?
7
Let o = -421 + 426. Suppose -65 + 255 = o*x. What is the remainder when 38 is divided by x?
0
Suppose 4*j - 16 = 4*k, -3*j + k + 22 = j. Suppose -r + j = -0*r. Suppose -5*v = q - 39, 2*v - 78 = 3*q - r*q. What is the remainder when 67 is divided by q?
19
Suppose 10 = 5*m, -26 = -3*g + 2*m - 3*m. Calculate the remainder when (-43)/((-301)/490) - (2 + 10) is divided by g.
2
Let v = -13477 + 13602. What is the remainder when 306 is divided by v?
56
Let o = 793 + -701. Calculate the remainder when o is divided by 8.
4
Let z(g) = -14*g**2 + 828*g + 104. Calculate the remainder when 1320 is divided by z(59).
210
Suppose 0 = 201*q - 219*q + 4608. What is the remainder when q is divided by 21?
4
Let l = -9675 - -9787. What is the remainder when l is divided by 27?
4
What is the remainder when ((-434)/35)/(-9 + (-1570)/(-175)) is divided by 402?
32
Let g(b) = 4*b**2 + 32*b + 300. What is the remainder when 1627 is divided by g(-16)?
3
Let z(m) = m**3 + 11*m**2 - 32*m - 327. What is the remainder when 518 is divided by z(-11)?
18
Let y be (3 + -1)/((-4)/(-34)). Suppose -4*z - 3*u = -5*u - 56, u - y = -z. What is the remainder when (-28)/(-6)*(z + 0) is divided by 24?
22
Calculate the remainder when 1197/15 - (-4)/(-5) is divided by (-2 + 4/((-60)/(-81)))*5.
11
Suppose 0*g + 17 = z + 5*g, 0 = z + g - 17. Suppose 3*p = -5*b - 744, 0*b + 3*b + 5*p = -440. Let h = b - -215. Calculate the remainder when h is divided by z.
14
Let d be (-462)/(-56)*8/3. Calculate the remainder when (-10307)/(-143) - 4/52 is divided by (-3)/((-3)/d) + 3.
22
Let d = -16366 - -16407. What is the remainder when 4126 is divided by d?
26
Let y = -47 + 54. Suppose -8*l + 47 = -y*l. What is the remainder when l is divided by 1 + 21 - (-7)/(-28)*0?
3
Suppose 51*p - 51 = 48*p + 5*j, 3*j - 68 = -4*p. Calculate the remainder when 1335 is divided by p.
9
Suppose 4*r - 176 = 8*r. Let g = r - -50. Suppose g*k = 77 + 73. What is the remainder when 73 is divided by k?
23
Suppose -18*q = 11*q. Suppose 2*l + 10 = 3*v - 11, q = -3*l. Suppose -2*y = o + 2*y + 10, -2*o + 45 = -5*y. What is the remainder when o is divided by v?
3
Suppose 6*h - 34 = -4. Suppose 0 = -4*w + 2*m + 60, 5*w - 10*w + h*m + 80 = 0. What is the remainder when 69 is divided by w?
13
Let m(t) = -t**2 - 312*t + 1924. Calculate the remainder when 757 is divided by m(6).
5
Suppose 30*x - 31*x = -2*w - 158, -w - 880 = -5*x. Let t(v) = -5*v - 2. What is the remainder when x is divided by t(-5)?
17
Let s(u) = 31*u + 1770. Calculate the remainder when s(-56) is divided by 5.
4
Suppose -624 = -2*x - 5*w - 102, 4*w = 0. Suppose -266*f = -x*f - 580. Calculate the remainder when f is divided by 2.
0
Let d = 24 + -24. Suppose d = 39*w - 36*w + 195. Let b = -56 - w. What is the remainder when 44 is divided by b?
8
Suppose -q = -2*i - 2397 + 479, 5831 = 3*q + 5*i. Calculate the remainder when q is divided by 19.
13
What is the remainder when (-4*3)/(776/(-74302)) is divided by 24?
21
Suppose 5*t = -10, -20*f - 2456 = -15*f - 2*t. Let g = f - -512. What is the remainder when 57 is divided by g?
17
Let i = 170 + -158. Let t(m) = 14*m - 121. Calculate the remainder when t(i) is divided by (-17)/(-1) + (2 - 1).
11
Suppose 3*i = -i + 16. Suppose 5*j - 3*q = i*j + 31, -j - 5*q + 31 = 0. Calculate the remainder when j is divided by -4 - (2/5)/(27/(-540)).
3
Suppose 2*y + w - 801 = 4*w, 3*y - 4*w = 1200. Calculate the remainder when y is divided by 121.
33
Suppose -4*b = 3*f - 40101, -66812 = -5*f + 246*b - 245*b. What is the remainder when f is divided by 257?
256
Let k(c) = -9*c + 126. Let i be k(14). Suppose -3*u - 5*j + 103 = -i*u, -4*u - 2*j = -114. What is the remainder when 51 is divided by u?
25
Calculate the remainder when 383 is divided by (-14148)/(-114) - 104/988.
11
Let i(l) = 46*l**2 - 4*l - 5. Let b be (-1 - 1)*(-15)/(-30). Calculate the remainder when i(b) is divided by 24.
21
Let s(t) = -44*t - 396. What is the remainder when s(-14) is divided by 74?
72
Let k = 12 + 8. What is the remainder when ((-77550)/45)/(-11) + 2/(-3) is divided by k?
16
Let t(m) = -m**3 - 8*m**2 - 5*m + 4. Suppose 0 = 4*q - q + 12. Let w be t(q). Calculate the remainder when 25 is divided by 1 + w/(-5) + -2.
4
Let q be ((-3)/(-8))/((-5 - -1)/(-32)). Let s = 64 + q. Calculate the remainder when s is divided by 36.
31
Suppose 22*c - 16*c = 96. Suppose -12*b - 272 = -c*b. What is the remainder when b is divided by 18?
14
Suppose 9*j = 11*j - 2*c - 1126, 0 = 5*c - 15. What is the remainder when j is divided by 26?
20
Let p = -511 - -638. Let g = 331 - 274. Calculate the remainder when p is divided by g.
13
What is the remainder when 166 is divided by 104/8 + 14 + -13?
12
Suppose 7869*i = 2417969 - 521540. What is the remainder when i is divided by 0 + 0 + (-83)/(-1)?
75
Let w(j) = 444*j + 13. Let h be w(4). Suppose 10*k + 1401 = -h. What is the remainder when 5*(k/(-35) + 6/21) is divided by 12?
11
Suppose 5*x - 2161 =